 + 0 + 2. Determine c(1).
-7
Let b(i) = -12*i - 1859*i**3 + 11*i**2 - 14 + 3720*i**3 - 1862*i**3 + 4. Calculate b(9).
44
Let s(t) = 22 + 14413*t**2 - 14412*t**2 + 1 - 3. Let n be (-6)/27 - 2/(-9). Calculate s(n).
20
Let v(k) = k**3 - 6*k**2 - 8*k + 10. Let g(r) be the first derivative of -11*r**2/2 - 4*r + 1. Let l be g(-1). Calculate v(l).
3
Let u(b) = 3*b**2 - 3*b. Let k(o) = 10*o**2 - 10*o + 2. Let g(d) = 2*k(d) - 7*u(d). Give g(0).
4
Let z(m) = m + 3. Let n be (2/10*0)/(-2). What is z(n)?
3
Let c(b) be the third derivative of 0 + 0*b - 1/8*b**4 - 1/3*b**3 + 12*b**2 - 1/60*b**5. Determine c(-2).
0
Let w(v) = 2*v**3 - 12*v**2 + 11*v + 4. Let p be w(5). Let y(c) = c - 11. Determine y(p).
-2
Suppose o + 9 = 4*a - 0*o, 0 = -3*a - 3*o + 3. Let g(h) = -7*h**a - 4*h**2 + 7*h - h**2 + 13*h**2 - 5. Calculate g(-8).
3
Suppose 0 = 13*o - 12*o + 38. Let p = -35 - o. Let b(j) = -j**2 + j + 4. Calculate b(p).
-2
Let l(q) = -5*q**3 - 3*q**2 - 3*q - 1. Let s(h) = 3*h**3 + 2*h**2 + 2*h + 1. Let m(r) = -5*l(r) - 8*s(r). Calculate m(0).
-3
Let p be 0*(-4)/(-28) + 4. Let o(i) be the second derivative of -i**3/6 + 7*i**2/2 + 4*i. What is o(p)?
3
Let h(m) = 5*m**2 + 6*m - 5. Let g(l) = -l**2 - l + 1. Let o(d) = 4*g(d) + h(d). Suppose -4*w + 0*p = p + 21, w = -2*p - 14. Give o(w).
7
Let h(x) = 3*x**2 + x - 1. Suppose 3*k = 37 + 5. Suppose 0 = -9*b + 2*b - k. What is h(b)?
9
Let b(c) = -3*c**2 + 21*c - 15. Let x be b(6). Let z(s) = 3*s**2 - x*s**2 + 0*s - 10 + s + s**3. Suppose -4*r + r = 0. Determine z(r).
-10
Let d be (-40)/(-6) - (-10)/(-15). Suppose -2*q = -d, -4*m + 11 = 3*q - 18. Let o(v) = v**3 - 5*v**2 + 2*v - 4. Give o(m).
6
Let j(w) = -w**3 - 7*w**2 - 2*w + 1. Let m = -886 + 879. Calculate j(m).
15
Let w be 8/5 + (-6)/(-15). Let i(m) = m. Let d(p) = -p**2 - 5*p + 3. Let q be (18/15)/2 + 8/(-5). Let n(k) = q*d(k) - 2*i(k). Determine n(w).
7
Let h = -15 + 19. Let o(k) = 2*k**3 + 0*k + 5*k - h*k - 3*k**2 + k**2. What is o(2)?
10
Let r = 7 + 8. Suppose -11*l + r*l + 12 = 0. Let n(y) = -1 + 2 - 5*y - 4 - y**2. What is n(l)?
3
Let v be (8 - 6)*5*-1. Let b(q) = -q**3 - 10*q**2 - 4. Let c be b(v). Let l(g) = 5*g + 5. Determine l(c).
-15
Let w = -362 + 356. Let n(p) = -5*p - 5. What is n(w)?
25
Let l be 1/(78/(-104)*8/(-30)). Let f(h) = h**3 - 5*h**2 - h + 2. Determine f(l).
-3
Let c = -19 + 21. Let l(n) = 6*n - n - c - 4*n. Determine l(-6).
-8
Let b(s) = -2*s**2 + 4*s + 1. Let o(u) = u**2 - 53 + 44 + 0*u**2 - 4*u. Let y be o(6). What is b(y)?
-5
Let k be 8/(-6) + (-1)/(-3). Let n(m) be the third derivative of -11*m**6/120 - m**4/12 - m**3/6 - 9*m**2 + 44*m - 3. Give n(k).
12
Let x(c) = -3*c + 3. Let f(j) = j**3 - 12*j**2 - 2. Let y be f(12). Let m = y - -8. Let n be 2*3/(m/2). What is x(n)?
-3
Let u(g) = -21*g - 1. Let h(r) = 23*r + 2. Let x(t) = 2*h(t) + 3*u(t). Calculate x(-4).
69
Let s(x) = x**2 + 17*x + 18. Let k be s(-16). Let u(p) = -2*p - 45 + 44 + 9*p + p**k - 2*p. What is u(-6)?
5
Let h(t) = t**2. Let z be (-3 - -5 - -2)/(12/(-18)). Let b be (-11)/22*z/(-3). Give h(b).
1
Suppose -37 = 5*w - 142. Let p = -23 + w. Let v(r) = -5*r - 2. Give v(p).
8
Let t = -12 - -10. Let g = t + 18. Suppose 6*l = 2*l + g. Let i(j) = j - 9. Give i(l).
-5
Let j = 103 - 99. Let o(x) = 5*x**2 - 15*x + 20. Let p(s) = s**2 - 3*s + 4. Let a(u) = -2*o(u) + 11*p(u). Calculate a(j).
8
Let b(s) = s - 16. Let c(u) = -24*u - 37. Let w be c(-2). Calculate b(w).
-5
Let u(d) = -6*d + 6. Let c be u(0). Let h be 2/4*c/3. Let l(q) = 2*q**3 + q**2 + q - 1. What is l(h)?
3
Let y(d) = -d**2 + 5*d + 3. Let g(t) = 7*t - 43. Let o(s) = s - 1. Let j(x) = -g(x) + 3*o(x). Let n be j(9). Calculate y(n).
7
Let w(m) = m**2 - 6*m - 5. Let p = 90 - 90. Suppose -3*l = 2*r - 25, p*l - 32 = -4*l - 2*r. Calculate w(l).
2
Let j(k) = 7*k - 2*k - 2*k - 6*k + 8. Suppose 0 = -2*l - 4, -3*r - 2*l = 9 - 29. What is j(r)?
-16
Let y(i) be the third derivative of i**4/24 + 4*i**3/3 + 129*i**2 + i. Calculate y(-5).
3
Let l be 702/(-30) - (-2)/5. Let u = 29 + l. Let g(z) = -z**3 + 6*z**2 - 6. Determine g(u).
-6
Let t(r) = -2*r. Let w(a) = 2*a - 1. Let u = 12 + -10. Suppose -o - 14 = u*h + h, -2*h + 4 = -2*o. Let n(g) = h*t(g) - 2*w(g). Calculate n(-2).
-2
Let p(r) = -r**3 + 5*r**2 - 3*r - 2. Let y = -139 - -146. Suppose -y*i + 5*i + 6 = 0. Give p(i).
7
Let l(a) = -a**2 - 4*a + 5. Let g(t) = 6*t - 6. Let x(d) = 3*g(d) + 4*l(d). Calculate x(3).
-28
Let u(p) = p**2 - 6*p - 2. Let v = -50 - -52. Suppose -a = -c - 12 + 1, -v*a + 27 = -3*c. Determine u(a).
-2
Let x = -8 - -4. Let i(t) = -2*t**2 - 10*t - 6. Let l be i(x). Let r(j) = -3 + 3 + 13*j**2 + l*j + 1. Give r(-1).
12
Suppose -2*i = 2*o, -i + o - 2 = -4. Let n be ((-32)/144)/(i/(-9)). Let k be (6 + -18)*1/n. Let f(l) = l**2 + 4*l - 4. Give f(k).
8
Let a = -1663 - -1662. Let u(l) = 14*l**2. Calculate u(a).
14
Suppose 0*n - 2*n + 40 = -2*g, 2*n - 12 = -5*g. Suppose 0 = -3*h + 8 + n. Let c(t) = -t**2 + 8*t - 3. Give c(h).
-3
Let k(y) = -y**3 - 5*y**2 + 8*y + 8. Let b(c) = 2*c + 14. Let z(a) = -a - 6. Let p be z(4). Let w be b(p). Calculate k(w).
-4
Suppose -4*u - 2*p + 0*p = -14, -6 = 4*u - 2*p. Let y = -29 + 32. Let a(d) = y*d + 4*d - 1 + d**2 + 6*d + 8*d**3 - 12*d. Calculate a(u).
9
Let l = 4 - 8. Suppose -3*u + 2*d = 22, -7*d + 2*d - 20 = 5*u. Let g be 5 + (-2)/l*u. Let f(h) = h**3 - 4*h**2. Give f(g).
-8
Let h be 6/(6/(-2)) + 2. Suppose 2*p = -h*p + 10. Let a(k) = 2*k + 30 - k**2 - 25 - p*k + k. Give a(-4).
-3
Let d(v) = v**2 - 3*v - 23. Let c be d(6). Let k(u) = -u - 11. What is k(c)?
-6
Let t(x) = x**2 + 12*x - 6. Let a be (-2)/(-7) + 465/(-35). Let n be t(a). Let l(w) = w - 10. What is l(n)?
-3
Let a(w) = -w**2 + 13*w - 34. Suppose -5*x = 2*q - 48, 42*q + 29 = 3*x + 43*q. Give a(x).
-4
Let q(z) = z**2 - 5*z + 3. Suppose 0 = 6*l - 36 - 36. Suppose 2*i + 15 = 5*t, 4*t + 4*i = -0*i + l. Calculate q(t).
-3
Let o(y) = 25*y**3. Let q be (-11)/(33/(-12)) + -1 - 2. Calculate o(q).
25
Let o(j) = -j**2 - 8*j - 10. Let u(i) = -7*i**2 - 140*i**3 + 141*i**3 + i + i + 5. Let g be u(6). Let a = g - -12. What is o(a)?
-3
Let x(g) be the first derivative of g**6/90 - g**5/120 + 17*g**3/3 + 10. Let v(u) be the third derivative of x(u). Give v(1).
3
Let m(o) be the first derivative of -1/3*o**3 - 16*o + 13 - 1/2*o**2. Determine m(0).
-16
Let t(m) = m + 9. Let g(i) = -i**3 + 12*i**2 + 2. Let z be g(12). Let h be (0/z)/(-2 + 1). Give t(h).
9
Let k(c) = -3*c**2 - c + 1. Let w(x) = 16*x**2 + 14*x + 10. Let q(o) = 5*k(o) + w(o). Calculate q(-10).
25
Suppose -l = -5*r - 4 + 19, 2*r - 18 = -2*l. Let t(i) = 43 - 3*i + r*i - 41. Give t(-5).
-3
Let k(z) = z - 3. Let w be k(0). Let t(o) = -o**2 - 7*o - 3. Let j be t(w). Let c(r) = 6*r - 3 - j*r + 6*r. Give c(5).
12
Let f(w) be the first derivative of -3*w + 2 - 3*w**2 + 4*w + 4 + 5*w**2. Let y = -10 + 11. What is f(y)?
5
Let p(y) be the second derivative of y**4/12 - 3*y**3/2 + 3*y**2/2 - y. Let o = 755 + -747. Give p(o).
-5
Let z be 30/(-45) + 28/6. Let t(i) = -i**2 + 7*i - 10. Let w be t(4). Let q(f) = f**2 + 10*f - w*f**2 - z*f + f. Give q(6).
6
Let q(r) = 8*r - 1. Let y = -23 + 13. Let o be 2/6*(y + 19). Suppose g = -2*g + o. Give q(g).
7
Let p(t) = 1. Let z(l) = -4*l - 7. Let j(a) = -2*p(a) - z(a). Let i be j(-2). Let y(c) = c**3 + 3*c**2 + 2*c. What is y(i)?
-6
Let a = -1469 + 1458. Let h(b) = b**3 + 10*b**2 - 9*b + 19. Give h(a).
-3
Let t(r) = r - 2. Let x be (-32)/(-18) - (34/9 + -4). Let o be (12/(-8))/(1/x - 1). Give t(o).
1
Let d(u) be the first derivative of -u**6/120 - u**5/10 - 7*u**4/24 - u**3 - 20*u**2 - 25. Let o(f) be the second derivative of d(f). Calculate o(-5).
4
Let c(h) = 21*h - 64*h + 21*h + 3 + 20*h. What is c(-4)?
11
Let f = 17 - 31. Let u(w) = -w - 12. Let y be u(f). Let g(z) = 0*z**2 + 4 - z**y - 12. What is g(0)?
-8
Let b(y) = 3*y + 4. Suppose o - 30 = -27. Determine b(o).
13
Let y(u) = -8*u - 81. Let j be y(-10). Let o(b) = 13*b - 1. Calculate o(j).
-14
Let f(r) = 3 - r - 2*r + 4*r - 4*r. Let c(a) = 3*a - 5. Let x be c(5). Suppose 3*w = 8*w - x. What is f(w)?
-3
Suppose -31 = -t + f - 34, 3*t = 2*f - 8. Let l(j) = -9*j + 2. Determine l(t).
20
Let w(s) = 2*s - 6. Let n(f) = -4*f - 37. Let i be n(-7). Let p(a) = a**2 + 10*a + 15. Let h be p(i). Determine w(h).
6
Let z(d) = -5*d + 1. Let b(g) = 4*g - 2. Let u = 14